eatest common factor of p and 126?
18
Suppose -3317 = 158*c - 80*c - 178583. What is the greatest common factor of c and 42?
21
Let j = 33494 + -30934. Calculate the greatest common divisor of 16 and j.
16
Let n = 4902 + -4834. Calculate the highest common factor of 816 and n.
68
Let x be ((-212)/8)/((-17)/204) + -4. Calculate the greatest common divisor of 8 and x.
2
Let r be ((-18)/(-30) + (-70)/75)*-699. Suppose 33*j = r + 691. Calculate the greatest common factor of 56 and j.
28
Suppose 0 = 1189*s - 159*s - 77250. Let i(k) = 2*k**2 - 2*k. Let v be i(6). Calculate the highest common divisor of v and s.
15
Let z(m) = -106*m**2 - 463*m - 8. Let l be z(-4). Calculate the highest common divisor of 1073 and l.
37
Suppose 3*t - 531 = 3*n, -t = 2*n - 0*n - 186. Suppose -524 = -8*w - t. Calculate the highest common factor of 3 and w.
1
Let y = -2522 - -2678. What is the highest common divisor of 48 and y?
12
Suppose 5*h = -4*m + 48955, -4*m - h + 48956 = 3*h. Let g be (m/(-200))/((-3)/10). What is the greatest common factor of 918 and g?
102
Let n be (2/(-8))/((-6)/(10 - -62)). Let f(l) = -l**2 - 7*l - 3. Let g be f(-4). Let d be n/g*1 - 110/(-3). What is the greatest common divisor of 74 and d?
37
Let b(z) = -2*z**2 - 22*z - 20. Let h be b(-10). Let n be (-3 - -25) + (h - 2). What is the highest common factor of 5 and n?
5
Suppose 11*t + 2*t = 6*t + 5236. Calculate the greatest common factor of t and 242.
22
Suppose 13*z - 58468 = 57*z - 263288. Calculate the highest common factor of 196 and z.
49
Suppose -2*t + 3 = t. Suppose -5*k = -4*f - 72, 0 = -2*k + 4*f - 223 + 259. Suppose -k*o = -13*o + 17. What is the greatest common divisor of t and o?
1
Let j(w) = 129*w**2 - 141*w + 6. Let f be j(10). Calculate the greatest common factor of 24 and f.
24
Let k(a) = 13*a**2 + 14*a + 23. Let d be k(-6). Let l = d - 400. Calculate the highest common factor of 28 and l.
7
Let k(o) = 176*o**2. Let i be k(1). Let g be 5 + i + (1 - 6). What is the highest common divisor of g and 132?
44
Suppose x - 617 = 5583. Calculate the highest common factor of x and 150.
50
Let n be (((-13475)/(-33))/5)/((-1)/(-3)). Suppose -2*l - 22 = 4*h - 132, -5*l - 4*h = -n. Calculate the highest common factor of 765 and l.
45
Let r(g) = -32*g + 45. Let a be r(-10). Let f = 372 - a. What is the highest common divisor of 224 and f?
7
Suppose 21*l - 560 = 14*l. Let g be ((-50)/8)/(34/(-136)). What is the greatest common factor of g and l?
5
Suppose 0 = 16*z - z - 675. Suppose -5*n = -s - 0*s + 9, -2*n = -5*s + z. Calculate the greatest common divisor of s and 18.
9
Let x(s) = 3*s**3 + 7*s**2 - 45*s - 4. Let u be x(-5). Calculate the greatest common divisor of u and 1316.
7
Let g(i) = 2*i**2 + 16*i - 8. Let c be g(12). Suppose -471*z = -c*z + 308. Calculate the greatest common divisor of 44 and z.
44
Suppose 4*m - 9*q + 6*q = 141, 0 = 3*m + 5*q - 113. Suppose 0 = -4*l + 4, 715 = 2*d - 2*l - 3*l. What is the highest common factor of m and d?
36
Suppose 3*t = 9*t - 810. Let m = -108 + t. Calculate the highest common divisor of 12 and m.
3
Let f = -124588 - -124597. Let t(y) = y**3 - 5*y**2 - 6*y + 1. Let l be t(6). Calculate the highest common factor of f and l.
1
Suppose -1522 - 194 = -12*v. Let u = 88 - 75. Calculate the greatest common factor of u and v.
13
Suppose m - 2838 = 2*p, 40*m - 8502 = 37*m + 2*p. What is the highest common factor of m and 48?
48
Suppose -558 - 2 = -14*g. What is the highest common divisor of 210 and g?
10
Let f = -2594 + 2626. Calculate the highest common factor of 54 and f.
2
Let x = -126 + 147. Suppose 252 - 1176 = -x*l. What is the greatest common factor of l and 88?
44
Suppose 3*b + 8*w - 9*w = 50, -2*w = -4*b + 64. Calculate the highest common factor of 618 and b.
6
Let s be ((0 - (-8469)/(-27)) + -1)/((-2)/9). Calculate the greatest common factor of 72 and s.
24
Suppose -56*g + 196 + 157 = -1663. Suppose 3*h + h - 144 = 0. What is the greatest common divisor of g and h?
36
Suppose -36*d + 166630 = -17*d. Calculate the greatest common factor of d and 10.
10
Suppose -931 = -p + 914. What is the highest common divisor of 30 and p?
15
Let q be (-1520)/(-228)*(-17)/(-2) + (-2)/3. What is the greatest common factor of q and 7266?
14
Let i be 2 + 6 - 0/2. Let a(y) = -10*y**2 + 402*y + 56. Let k be a(40). What is the highest common factor of k and i?
8
Let j(z) = -3*z**2 + 10*z + 22. Let h be j(5). Let i be h - 3236/(-10 + 6). What is the greatest common divisor of 26 and i?
26
Suppose 34*k - 77 = 331. Suppose -60 = -3*a - a. Suppose k*o = 7*o + a. What is the greatest common divisor of 24 and o?
3
Let y = 2552 + -2542. What is the highest common divisor of 8350 and y?
10
Let o be (-8860)/6*48/(-32) + 52/(-13). Calculate the highest common divisor of 297 and o.
33
Let j be (-29)/3*(-38 + 23). Let d = 242 - 103. Let t = j - d. Calculate the greatest common factor of t and 30.
6
Let h be 2/9 + (-6)/27. Suppose -d + 27 = 5*m - 3*m, h = -4*d - 20. Let b be ((-48)/15)/(229/(-1145)). What is the greatest common divisor of m and b?
16
Let n be ((-18)/10)/(-3)*5. Suppose n*h - 35 = -4*h. Suppose 2*t = b + 17, -2*t + h*b = -4 - 1. Calculate the greatest common divisor of 30 and t.
10
Suppose -7*c - c + 2272 = 0. Let p = c - 263. Calculate the highest common factor of p and 15.
3
Suppose 25*p = 13173 - 4923. Suppose -321 = z - p. Calculate the highest common divisor of z and 459.
9
Let f be 444/21*(528/77 + (-4)/(-28)). What is the greatest common factor of f and 26492?
148
Let p be 56/(-84) - 8/(-3) - -6. Suppose -846 - 914 = -p*s. What is the greatest common divisor of 165 and s?
55
Suppose 2*v - 3*t - 15 = 0, 4*t = 4*v - 22 - 2. Suppose -n + v = -2*q, q = -n - 12 + 18. What is the greatest common divisor of 160 and n?
5
Suppose 9*i = -2*d + 5*i + 542, -2*i - 247 = -d. Calculate the highest common factor of d and 63.
7
Suppose -2*y + 3*r + 779 - 44 = 0, -4*r = 3*y - 1128. What is the greatest common divisor of 1236 and y?
12
Let a be -11 + (-7 - (-47 + 0)). Calculate the greatest common factor of a and 2813.
29
Let r = 4974 + -4854. What is the greatest common factor of 552 and r?
24
Let s = -12 + 17. Suppose -104*q + 249 + 84 - 21 = 0. Suppose q*y + 21 = -m + 3*m, 0 = s*m - 5*y - 40. What is the greatest common divisor of 3 and m?
3
Suppose -8*v + 1 = -15. Suppose 673 = v*w - 3*m, 3*w - 4*m = -0*w + 1012. What is the greatest common divisor of w and 8?
8
Let o(m) = 8*m - 16. Suppose -s = -4, 39 - 14 = 3*b + s. Let h be o(b). What is the greatest common divisor of h and 16?
8
Let l(z) = 9002*z**3 - z - 3. Let i be l(1). What is the highest common divisor of 22 and i?
22
Suppose 3*b + k - 37 = 0, 90 = 5*b + k + 31. Let o = 2508 + -2321. Calculate the highest common factor of b and o.
11
Let s = -38292 - -38294. What is the greatest common divisor of s and 32?
2
Let b = -47 + 52. Let x be (2 - 2)/(b - 3). Suppose -4*u + 30 + 58 = x. What is the highest common divisor of 11 and u?
11
Suppose 99*d = 100*d - 5. Suppose -b + 4*a = -121, 9*b - d*b - 495 = 5*a. Calculate the highest common factor of b and 225.
25
Let l = 1368 - 1365. Calculate the highest common factor of l and 267.
3
Let w = 3150 + -3138. Calculate the greatest common factor of w and 3684.
12
Suppose 2*b = -8, 0 = -12*q + 8*q - 2*b + 24. Calculate the highest common factor of q and 39.
1
Let g be (4 - 55/25)/(3/15). Suppose 0 = -g*n + 15*n - 552. Calculate the highest common factor of n and 4.
4
Let q(x) = x - 28. Let u be q(17). Let w be 1 + ((-4)/(-2) - u). Let j = 18 - w. Calculate the highest common divisor of 1 and j.
1
Let u(v) = v**2 - 7*v + 19. Let p = -436 - -441. Let c be u(p). Calculate the greatest common factor of 18 and c.
9
Let q = 713 - 710. Suppose 0*i + i - 78 = -5*x, 0 = -5*x + 4*i + 63. What is the greatest common factor of x and q?
3
Suppose 947*w - 510*w = 502*w - 16575. Suppose -3*z = -0*z - 459. Calculate the greatest common factor of z and w.
51
Suppose -59*m = -134*m + 64*m + 33. Let c = -38 + 161. Calculate the greatest common factor of c and m.
3
Let z = -8975 - -9085. Calculate the greatest common divisor of z and 176.
22
Let y(g) = -2 + 7 + 17*g - 16. Let b be 5/(-10)*(-2 - 12). Let f be y(b). Calculate the greatest common factor of 12 and f.
12
Let c = 1694 + 3678. What is t